ivided by 1599.
1562
What is the remainder when 890013 is divided by 93?
3
What is the remainder when 267694 is divided by 1338?
94
Calculate the remainder when 50450 is divided by 46233.
4217
Calculate the remainder when 3106220 is divided by 792.
788
What is the remainder when 856436 is divided by 52?
48
Calculate the remainder when 16180289 is divided by 2202.
2195
Calculate the remainder when 2526010 is divided by 2008.
1954
Calculate the remainder when 188431 is divided by 94173.
85
Calculate the remainder when 203329 is divided by 12616.
1473
Calculate the remainder when 32307530 is divided by 94.
12
What is the remainder when 4345098 is divided by 1448361?
15
Calculate the remainder when 219199 is divided by 176.
79
Calculate the remainder when 51752743 is divided by 50.
43
What is the remainder when 19470997 is divided by 691?
690
What is the remainder when 31001 is divided by 1612?
373
What is the remainder when 55909462 is divided by 42?
28
Calculate the remainder when 624995 is divided by 9328.
19
What is the remainder when 2380456 is divided by 837?
28
Calculate the remainder when 75396 is divided by 75336.
60
Calculate the remainder when 381060 is divided by 21.
15
What is the remainder when 269312 is divided by 1901?
1271
Calculate the remainder when 7597690 is divided by 16269.
67
What is the remainder when 726969 is divided by 242292?
93
Calculate the remainder when 17557658 is divided by 2628.
2618
Calculate the remainder when 2739955 is divided by 107.
6
Calculate the remainder when 27531575 is divided by 648.
647
Calculate the remainder when 392876 is divided by 196224.
428
Calculate the remainder when 8179760 is divided by 62.
38
What is the remainder when 22747 is divided by 867?
205
What is the remainder when 38634203 is divided by 1839723?
20
What is the remainder when 10074 is divided by 3764?
2546
What is the remainder when 86723 is divided by 8903?
6596
What is the remainder when 19704 is divided by 14960?
4744
Calculate the remainder when 1139 is divided by 492.
155
Calculate the remainder when 773894 is divided by 6786.
290
What is the remainder when 1559992 is divided by 23?
17
Calculate the remainder when 43590435 is divided by 1074.
1071
Calculate the remainder when 1219711 is divided by 8132.
8043
What is the remainder when 251442 is divided by 248297?
3145
Calculate the remainder when 9958054 is divided by 279.
265
What is the remainder when 5323421 is divided by 24419?
79
What is the remainder when 304615 is divided by 101505?
100
Calculate the remainder when 4053425 is divided by 675531.
239
Calculate the remainder when 2468529 is divided by 49370.
29
What is the remainder when 151334349 is divided by 13?
10
What is the remainder when 3692794 is divided by 128?
122
Calculate the remainder when 144407283 is divided by 81.
78
Calculate the remainder when 237816 is divided by 15386.
7026
Calculate the remainder when 63389471 is divided by 736.
735
What is the remainder when 102362936 is divided by 81?
77
Calculate the remainder when 191570 is divided by 38307.
35
Calculate the remainder when 10195212 is divided by 457.
456
What is the remainder when 6119549 is divided by 9?
8
What is the remainder when 1676487 is divided by 41?
38
Calculate the remainder when 1199837627 is divided by 748.
747
What is the remainder when 426164 is divided by 2343?
2081
What is the remainder when 21590975 is divided by 10795478?
19
Calculate the remainder when 29055834 is divided by 155.
154
Calculate the remainder when 17260 is divided by 1424.
172
Calculate the remainder when 1051403 is divided by 479.
477
What is the remainder when 3757901 is divided by 234863?
93
Calculate the remainder when 181365461 is divided by 36273090.
11
Calculate the remainder when 12352 is divided by 1517.
216
What is the remainder when 1472706 is divided by 974?
18
What is the remainder when 4411807 is divided by 9327?
136
What is the remainder when 588131 is divided by 15?
11
What is the remainder when 12172932 is divided by 515?
392
Calculate the remainder when 450571 is divided by 13.
4
Calculate the remainder when 17318794 is divided by 17.
10
Calculate the remainder when 407456 is divided by 405535.
1921
What is the remainder when 769757 is divided by 1954?
1835
What is the remainder when 267951 is divided by 1411?
1272
What is the remainder when 3193658 is divided by 718?
712
Calculate the remainder when 5548723 is divided by 2774297.
129
What is the remainder when 56765309 is divided by 2176?
2173
What is the remainder when 50660299 is divided by 60?
19
Calculate the remainder when 4778594 is divided by 546.
2
Calculate the remainder when 807720 is divided by 269.
182
What is the remainder when 1737 is divided by 1441?
296
What is the remainder when 48752 is divided by 1287?
1133
What is the remainder when 9476976 is divided by 3065?
3061
Calculate the remainder when 344889123 is divided by 586.
581
What is the remainder when 131471 is divided by 11950?
21
What is the remainder when 55282 is divided by 54999?
283
Calculate the remainder when 14833908 is divided by 4944635.
3
Calculate the remainder when 94995 is divided by 11642.
1859
What is the remainder when 101886 is divided by 462?
246
Calculate the remainder when 2367041 is divided by 263002.
23
Calculate the remainder when 370350 is divided by 388.
198
Calculate the remainder when 2496945 is divided by 356700.
45
Calculate the remainder when 427087 is divided by 6103.
5980
Calculate the remainder when 173611817 is divided by 5066.
5063
What is the remainder when 70087260 is divided by 255?
0
Calculate the remainder when 16149751 is divided by 108.
79
Calculate the remainder when 105260 is divided by 1238.
30
What is the remainder when 118640786 is divided by 532?
530
What is the remainder when 473931 is divided by 1524?
1491
What is the remainder when 7956028 is divided by 1991?
1983
Calculate the remainder when 18694966 is divided by 86.
28
What is the remainder when 302509 is divided by 50325?
559
Calculate the remainder when 111515 is divided by 36929.
728
Calculate the remainder when 26028997 is divided by 9.
7
What is the remainder when 50561 is divided by 2500?
561
What is the remainder when 46657194 is divided by 89?
12
Calculate the remainder when 487773 is divided by 4922.
495
Calculate the remainder when 8477546 is divided by 169.
168
What is the remainder when 4270146 is divided by 667?
12
What is the remainder when 42932187 is divided by 11292?
3
What is the remainder when 3808423 is divided by 1268928?
1639
What is the remainder when 11088796 is divided by 548?
16
Calculate the remainder when 2264444 is divided by 730.
714
What is the remainder when 1417820 is divided by 202539?
47
Calculate the remainder when 10721166 is divided by 22197.
15
Calculate the remainder when 121604768 is divided by 82.
80
Calculate the remainder when 351844 is divided by 3170.
3144
What is the remainder when 791098 is divided by 158198?
108
What is the remainder when 7024406 is divided by 299?
298
Calculate the remainder when 134756 is divided by 43807.
3335
What is the remainder when 5980609 is divided by 432?
1
What is the remainder when 1037705 is divided by 345871?
92
Calculate the remainder when 1853772 is divided by 926835.
102
What is the remainder when 21818 is divided by 5398?
226
What is the remainder when 2343313 is divided by 335?
323
What is the remainder when 2255464 is divided by 3?
1
Calculate the remainder when 45527 is divided by 1425.
1352
What is the remainder when 251828 is divided by 251814?
14
Calculate the remainder when 11076204 is divided by 651541.
7
Calculate the remainder when 1288815 is divided by 148.
31
Calculate the remainder when 272515931 is divided by 308.
303
Calculate the remainder when 33108486 is divided by 564.
558
What is the remainder when 41521 is divided by 20691?
139
What is the remainder when 336742123 is divided by 125?
123
What is the remainder when 32830 is divided by 10479?
1393
Calculate the remainder when 84834 is divided by 780.
594
What is the remainder when 21381667 is divided by 44?
43
Calculate the remainder when 663232 is divided by 331331.
570
Calculate the remainder when 32186 is divided by 1059.
416
Calculate the remainder when 1